0 + 13?
-11032330021
In base 8, what is -663722 + 521?
-663201
In base 3, what is 1 - 2011010122221?
-2011010122220
In base 3, what is -21 - 2220120201111?
-2220120201202
In base 2, what is -1000101110001110111011 - 111?
-1000101110001111000010
In base 3, what is -120001200100000 - 1?
-120001200100001
In base 7, what is 25622644 + -13?
25622631
In base 7, what is 411 - 145121?
-144410
In base 7, what is -136360 - 223?
-136613
In base 10, what is 19 - 2159558?
-2159539
In base 6, what is 2210 + -142234?
-140024
In base 6, what is 20452 - -54?
20550
In base 10, what is 97609 + 594?
98203
In base 8, what is 10 + 237632322?
237632332
In base 6, what is -251522 + 100030?
-151452
In base 10, what is -5 + 53748?
53743
In base 14, what is -1190d - -78c4?
-8029
In base 4, what is 111312210033 + -31?
111312210002
In base 9, what is 18 + 1581323?
1581342
In base 7, what is 3 - -102023506?
102023512
In base 3, what is -21220122110112 + 120?
-21220122102222
In base 6, what is 114 - 413135?
-413021
In base 13, what is 8c15c + -b62?
8b2ca
In base 8, what is 5 - 4027356?
-4027351
In base 12, what is -2136 - 817?
-2951
In base 8, what is -34603 + -1731?
-36534
In base 7, what is -12 + -22526232?
-22526244
In base 12, what is -212 - 2681?
-2893
In base 14, what is 3b - 3c8d78a?
-3c8d74d
In base 13, what is -125b043 + 5?
-125b03b
In base 14, what is 6c41a2 - -8?
6c41aa
In base 10, what is -35139 - -14210?
-20929
In base 8, what is -267737 - 130?
-270067
In base 15, what is -64068 + 5?
-64063
In base 13, what is c5a + -4170?
-3213
In base 4, what is -10 - 2230322223101?
-2230322223111
In base 4, what is 202220 - -121032?
323312
In base 2, what is -10 + 100010110011101011111110000?
100010110011101011111101110
In base 13, what is -394b92 + -26?
-394bb8
In base 6, what is 2055 - -105004453?
105010552
In base 10, what is 43664 - -220?
43884
In base 9, what is 340281 - 40?
340241
In base 11, what is -9114733 + 2?
-9114731
In base 16, what is 2 - 19fef6?
-19fef4
In base 8, what is 35611170 + -7?
35611161
In base 10, what is 706 + -56906?
-56200
In base 14, what is -31cd2 - 109?
-31ddb
In base 16, what is -5 + -db79a?
-db79f
In base 6, what is -140351 - -3215?
-133132
In base 8, what is 1527137 - -6?
1527145
In base 9, what is -180446 + 255?
-180181
In base 2, what is -10110101001010110000 - -10011?
-10110101001010011101
In base 13, what is -a1005 + -9b?
-a10a3
In base 6, what is 23 + -22421453?
-22421430
In base 9, what is 24556 + -20073?
4473
In base 5, what is 14130 - -1302222?
1321402
In base 14, what is 392 + -81a?
-468
In base 6, what is -142234523150 + 2?
-142234523144
In base 14, what is -315b8a - 9?
-315b95
In base 5, what is 24142203 + 23443?
24221201
In base 16, what is -4 + -563742?
-563746
In base 11, what is -11789 + 432?
-11357
In base 12, what is -4 + 484277?
484273
In base 6, what is 50 + -455312321?
-455312231
In base 5, what is 3 + -31002012333?
-31002012330
In base 8, what is 13575313 + 0?
13575313
In base 2, what is -111010100101101100101011 - 0?
-111010100101101100101011
In base 2, what is 1111100110111110 + 110000011?
1111101101000001
In base 3, what is -2221121011 - -122021?
-2220221220
In base 3, what is 122022201122121 - -2?
122022201122200
In base 2, what is 10000 - 10010101001100001?
-10010101001010001
In base 14, what is -3265676 + -4?
-326567a
In base 2, what is 100 + 1101110010100100001011?
1101110010100100001111
In base 15, what is 2640e5 + 1a?
264110
In base 11, what is -20 + 65923?
65903
In base 5, what is -2244242403 + -2?
-2244242410
In base 13, what is -252ab + 5?
-252a6
In base 11, what is 5252907 - 47?
5252870
In base 2, what is -11 + -1000010011011000001010?
-1000010011011000001101
In base 11, what is 31112 + -15?
310a8
In base 5, what is 4021143142 - 13?
4021143124
In base 11, what is 17 + 11203099?
11203105
In base 13, what is -c2a56 - 45?
-c2a9b
In base 7, what is 14240 - 436066?
-421526
In base 5, what is -231324 - -200432?
-30342
In base 11, what is 29893371 - 5?
29893367
In base 8, what is -23005 - -47263?
24256
In base 3, what is 121220120210 + 1221?
121220122201
In base 15, what is -9 + 1421a?
14211
In base 3, what is 1 + -10022012020112?
-10022012020111
In base 15, what is 346d91 + -9?
346d87
In base 7, what is -36261 + -1245260?
-1314551
In base 12, what is -252 + -124b7?
-12749
In base 2, what is 10 - -10100001101010011111101011?
10100001101010011111101101
In base 15, what is 6c6e - 462?
680c
In base 6, what is 30 + 20511345?
20511415
In base 10, what is 7455 - 1255?
6200
In base 8, what is -2 - 126502070?
-126502072
In base 3, what is 1 + 1202002100210222?
1202002100211000
In base 12, what is 219b - 78a?
1611
In base 10, what is -1160 - -310752?
309592
In base 4, what is -12 + 33302133333?
33302133321
In base 7, what is -204502 + 15512?
-155660
In base 12, what is 505496 - a?
505488
In base 13, what is -76bc - 34?
-7723
In base 12, what is 55b83b10 + 1?
55b83b11
In base 7, what is -4122324 - -122?
-4122202
In base 7, what is -5502313 - 101?
-5502414
In base 9, what is 63200 - -1747?
65047
In base 8, what is -1137 - -165?
-752
In base 14, what is -349690 + -a?
-34969a
In base 2, what is 11100 + -1001111000101111101?
-1001111000101100001
In base 12, what is 3290782 - 1?
3290781
In base 4, what is 12 + 2223131320?
2223131332
In base 4, what is -3103 + -12011011003?
-12011020112
In base 7, what is -214452 - -301?
-214151
In base 3, what is -112110212220221 - -12?
-112110212220202
In base 7, what is -1150454 + -5?
-1150462
In base 13, what is -38 + 5c252?
5c217
In base 5, what is 4020411 + 43232?
4114143
In base 15, what is 6435 + -2266?
41be
In base 11, what is -57a52 - 76?
-58018
In base 8, what is 5 + 46236012?
46236017
In base 15, what is 3342 - a69b?
-7359
In base 16, what is 40c9 - -3016?
70df
In base 8, what is 50243 - 640?
47403
In base 14, what is -61 - -61a0?
613d
In base 12, what is 655a2405 + -4?
655a2401
In base 2, what is 10111010100111 + -11100011?
10110111000100
In base 4, what is 121110213302 + 20?
121110213322
In base 16, what is 0 - 28e553?
-28e553
In base 13, what is 661cc42 - 1?
661cc41
In base 5, what is 1432 + -1023041?
-1021104
In base 4, what is 233121002300 - -3?
233121002303
In base 14, what is -3b + -a79402?
-a7943d
In base 7, what is 0 + -3064513460?
-3064513460
In base 13, what is -9b4a36 + -c?
-9b4a45
In base 5, what is -113 + -14043223?
-14043341
In base 3, what is -10 + 20022111122002?
20022111121222
In base 7, what is -43661 + 1506?
-42152
In base 4, what is -1130 - -321201233?
321200103
In base 15, what is -1 - 13e5aecb?
-13e5aecc
In base 12, what is 2 + -2187420?
-218741a
In base 11, what is -216620 + -6?
-216626
In base 6, what is 3 + 13044353?
13044400
In base 2, what is 101000010000011100101100 - 101?
101000010000011100100111
In base 7, what is -11150 + -115441?
-126621
In base 9, what is -21852073 + 123?
-21851850
In base 6, what is 0 + -205210404?
-205210404
In base 15, what is 617 - 1e8b?
-1874
In base 10, what is -90 + -20028?
-20118
In base 8, what is 772225712 - 4?
772225706
In base 16, what is 4 - -12ff162?
12ff166
In base 7, what is 156 - -1326320?
1326506
In base 15, what is e335 - 1145?
d1e0
In base 3, what is 102010 + -10022122?
-2220112
In base 8, what is 3 - 1564636?
-1564633
In base 4, what is -301211203113 + -101?
-301211203220
In base 11, what is 254969 + -26?
254943
In base 15, what is -178 + -e2361?
-e24d9
In base 15, what is -2335 - -10179?
cd44
In base 6, what is -314411042 + 54?
-314410544
In base 12, what is 649b367 - -5?
649b370
In base 9, what is 2 - -14613267?
14613270
In base 16, what is d2e - -562?
1290
In base 13, what is a587 - 1?
a586
In base 8, what is -2 + -743751?
-743753
In base 2, what is -1001001100001010110 + 1111?
-1001001100001000111
In base 8, what is 0 + -2153065427?
-2153065427
In base 13, what is 1125b408 - 0?
1125b408
In base 3, what is 2 - -11011210000022?
11011210000101
In base 15, what is -1 + -2491737?
-2491738
In base 4, what is -20100121 + 1110302?
-12323213
In base 9, what is -22 + -275567?
-275600
In base 4, what is 3131 + -113011203?
-113002012
In base 15, what is a2a + -278b6?
-26d8b
In base 2, what is -1001001110100010 - -101110001000?
-1000100000011010
In base 8, what is 53 + 20341471?
20341544
In base 7, what is -15426060 - 